{"id":56,"date":"2024-05-21T16:41:47","date_gmt":"2024-05-21T14:41:47","guid":{"rendered":"https:\/\/alsacegite.eu\/?page_id=56"},"modified":"2024-05-28T11:01:49","modified_gmt":"2024-05-28T09:01:49","slug":"tout-sur-l-alsace","status":"publish","type":"page","link":"https:\/\/alsacegite.eu\/","title":{"rendered":"TOUT SUR L&rsquo; ALSACE 91688"},"content":{"rendered":"\t\t<div data-elementor-type=\"wp-page\" data-elementor-id=\"56\" class=\"elementor elementor-56\">\n\t\t\t\t<div class=\"elementor-element elementor-element-dc34d8d e-flex e-con-boxed e-con e-parent\" data-id=\"dc34d8d\" data-element_type=\"container\">\n\t\t\t\t\t<div class=\"e-con-inner\">\n\t\t\t\t<div class=\"elementor-element elementor-element-61e6917 elementor-widget elementor-widget-heading\" data-id=\"61e6917\" data-element_type=\"widget\" data-widget_type=\"heading.default\">\n\t\t\t\t<div class=\"elementor-widget-container\">\n\t\t\t<h2 class=\"elementor-heading-title elementor-size-default\">D\u00e9couvrez le Charme de l'Alsace \u00e0 Stotzheim\n<\/h2>\t\t<\/div>\n\t\t\t\t<\/div>\n\t\t\t\t<div class=\"elementor-element elementor-element-3825a5b elementor-widget elementor-widget-text-editor\" data-id=\"3825a5b\" data-element_type=\"widget\" data-widget_type=\"text-editor.default\">\n\t\t\t\t<div class=\"elementor-widget-container\">\n\t\t\t\t\t\t\t<p><br \/>Bienvenue en Alsace, une r\u00e9gion o\u00f9 tradition, culture et nature se rencontrent pour offrir une exp\u00e9rience inoubliable. Situ\u00e9e au c\u0153ur de cette r\u00e9gion enchanteresse, la charmante commune de Stotzheim vous invite \u00e0 d\u00e9couvrir tout ce que l\u2019Alsace a de meilleur \u00e0 offrir.<\/p>\t\t\t\t\t\t<\/div>\n\t\t\t\t<\/div>\n\t\t\t\t<div class=\"elementor-element elementor-element-39c88e7 elementor-widget elementor-widget-text-editor\" data-id=\"39c88e7\" data-element_type=\"widget\" data-widget_type=\"text-editor.default\">\n\t\t\t\t<div class=\"elementor-widget-container\">\n\t\t\t\t\t\t\t<p>L&rsquo;Alsace est une r\u00e9gion historique du nord-est de la France, dans la plaine du Rhin. Situ\u00e9e \u00e0 la fronti\u00e8re avec l&rsquo;Allemagne et la Suisse, elle a \u00e9t\u00e9 sous le contr\u00f4le de l&rsquo;Allemagne et de la France au fil des si\u00e8cles, et refl\u00e8te un m\u00e9lange de ces cultures. Strasbourg, la capitale, s&rsquo;articule autour de la Grande \u00cele de l&rsquo;Ill, bord\u00e9e de canaux et abritant la cath\u00e9drale gothique Notre-Dame de Strasbourg, qui comprend une horloge astronomique anim\u00e9e.<\/p>\t\t\t\t\t\t<\/div>\n\t\t\t\t<\/div>\n\t\t\t\t<div class=\"elementor-element elementor-element-efe2506 elementor-widget elementor-widget-image\" data-id=\"efe2506\" data-element_type=\"widget\" data-widget_type=\"image.default\">\n\t\t\t\t<div class=\"elementor-widget-container\">\n\t\t\t\t\t\t\t\t\t\t\t\t\t<img fetchpriority=\"high\" decoding=\"async\" width=\"1024\" height=\"448\" src=\"https:\/\/alsacegite.eu\/wp-content\/uploads\/2024\/05\/ALSACE-1024x448.jpg\" class=\"attachment-large size-large wp-image-105\" alt=\"\" srcset=\"https:\/\/alsacegite.eu\/wp-content\/uploads\/2024\/05\/ALSACE-1024x448.jpg 1024w, https:\/\/alsacegite.eu\/wp-content\/uploads\/2024\/05\/ALSACE-300x131.jpg 300w, https:\/\/alsacegite.eu\/wp-content\/uploads\/2024\/05\/ALSACE-768x336.jpg 768w, https:\/\/alsacegite.eu\/wp-content\/uploads\/2024\/05\/ALSACE-1536x673.jpg 1536w, https:\/\/alsacegite.eu\/wp-content\/uploads\/2024\/05\/ALSACE.jpg 1580w\" sizes=\"(max-width: 1024px) 100vw, 1024px\" \/>\t\t\t\t\t\t\t\t\t\t\t\t\t<\/div>\n\t\t\t\t<\/div>\n\t\t\t\t\t<\/div>\n\t\t\t\t<\/div>\n\t\t<div class=\"elementor-element elementor-element-10f36be e-flex e-con-boxed e-con e-parent\" data-id=\"10f36be\" data-element_type=\"container\">\n\t\t\t\t\t<div class=\"e-con-inner\">\n\t\t<div class=\"elementor-element elementor-element-07669a5 e-con-full e-flex e-con e-child\" data-id=\"07669a5\" data-element_type=\"container\">\n\t\t\t\t<div class=\"elementor-element elementor-element-c53387e elementor-widget elementor-widget-text-editor\" data-id=\"c53387e\" data-element_type=\"widget\" data-widget_type=\"text-editor.default\">\n\t\t\t\t<div class=\"elementor-widget-container\">\n\t\t\t\t\t\t\t<p><strong>Un Cadre de Vie Agr\u00e9able<\/strong><\/p><p><br \/>Stotzheim est une commune o\u00f9 il fait bon vivre. Entour\u00e9e de paysages pittoresques, de vignobles renomm\u00e9s et de charmants villages alsaciens, elle est l\u2019endroit id\u00e9al pour se ressourcer et profiter de la tranquillit\u00e9 de la campagne tout en \u00e9tant \u00e0 proximit\u00e9 des attractions majeures de la r\u00e9gion.<\/p>\t\t\t\t\t\t<\/div>\n\t\t\t\t<\/div>\n\t\t\t\t<\/div>\n\t\t<div class=\"elementor-element elementor-element-49a852b e-con-full e-flex e-con e-child\" data-id=\"49a852b\" data-element_type=\"container\">\n\t\t\t\t<div class=\"elementor-element elementor-element-55c4652 elementor-widget elementor-widget-image\" data-id=\"55c4652\" data-element_type=\"widget\" data-widget_type=\"image.default\">\n\t\t\t\t<div class=\"elementor-widget-container\">\n\t\t\t\t\t\t\t\t\t\t\t\t\t<img decoding=\"async\" width=\"577\" height=\"350\" src=\"https:\/\/alsacegite.eu\/wp-content\/uploads\/2024\/05\/Logis1.jpg\" class=\"attachment-large size-large wp-image-31\" alt=\"stotzheim\" srcset=\"https:\/\/alsacegite.eu\/wp-content\/uploads\/2024\/05\/Logis1.jpg 577w, https:\/\/alsacegite.eu\/wp-content\/uploads\/2024\/05\/Logis1-300x182.jpg 300w\" sizes=\"(max-width: 577px) 100vw, 577px\" \/>\t\t\t\t\t\t\t\t\t\t\t\t\t<\/div>\n\t\t\t\t<\/div>\n\t\t\t\t<\/div>\n\t\t\t\t\t<\/div>\n\t\t\t\t<\/div>\n\t\t<div class=\"elementor-element elementor-element-f914808 e-flex e-con-boxed e-con e-parent\" data-id=\"f914808\" data-element_type=\"container\">\n\t\t\t\t\t<div class=\"e-con-inner\">\n\t\t<div class=\"elementor-element elementor-element-7e414d7 e-con-full e-flex e-con e-child\" data-id=\"7e414d7\" data-element_type=\"container\">\n\t\t\t\t<div class=\"elementor-element elementor-element-08e345b elementor-widget elementor-widget-image\" data-id=\"08e345b\" data-element_type=\"widget\" data-widget_type=\"image.default\">\n\t\t\t\t<div class=\"elementor-widget-container\">\n\t\t\t\t\t\t\t\t\t\t\t\t\t<img decoding=\"async\" width=\"1024\" height=\"768\" src=\"https:\/\/alsacegite.eu\/wp-content\/uploads\/2024\/05\/vue-du-mt-ste-Odile-1024x768.jpg\" class=\"attachment-large size-large wp-image-16\" alt=\"vue mt Ste Odile\" srcset=\"https:\/\/alsacegite.eu\/wp-content\/uploads\/2024\/05\/vue-du-mt-ste-Odile-1024x768.jpg 1024w, https:\/\/alsacegite.eu\/wp-content\/uploads\/2024\/05\/vue-du-mt-ste-Odile-300x225.jpg 300w, https:\/\/alsacegite.eu\/wp-content\/uploads\/2024\/05\/vue-du-mt-ste-Odile-768x576.jpg 768w, https:\/\/alsacegite.eu\/wp-content\/uploads\/2024\/05\/vue-du-mt-ste-Odile-1536x1152.jpg 1536w, https:\/\/alsacegite.eu\/wp-content\/uploads\/2024\/05\/vue-du-mt-ste-Odile-2048x1536.jpg 2048w, https:\/\/alsacegite.eu\/wp-content\/uploads\/2024\/05\/vue-du-mt-ste-Odile-390x293.jpg 390w\" sizes=\"(max-width: 1024px) 100vw, 1024px\" \/>\t\t\t\t\t\t\t\t\t\t\t\t\t<\/div>\n\t\t\t\t<\/div>\n\t\t\t\t<\/div>\n\t\t<div class=\"elementor-element elementor-element-1a82833 e-con-full e-flex e-con e-child\" data-id=\"1a82833\" data-element_type=\"container\">\n\t\t\t\t<div class=\"elementor-element elementor-element-f559442 elementor-widget__width-initial elementor-widget elementor-widget-text-editor\" data-id=\"f559442\" data-element_type=\"widget\" data-widget_type=\"text-editor.default\">\n\t\t\t\t<div class=\"elementor-widget-container\">\n\t\t\t\t\t\t\t<p>\u00a0<\/p><p><strong>Un Patrimoine Historique et Culturel Riche<\/strong><\/p><p><br \/>Plongez dans l\u2019histoire et la culture alsaciennes en visitant les nombreux sites historiques et mus\u00e9es. Promenez-vous dans les rues bord\u00e9es de maisons \u00e0 colombages typiques, d\u00e9couvrez les \u00e9glises historiques et participez aux festivals locaux qui c\u00e9l\u00e8brent les traditions alsaciennes avec enthousiasme.<\/p>\t\t\t\t\t\t<\/div>\n\t\t\t\t<\/div>\n\t\t\t\t<\/div>\n\t\t\t\t\t<\/div>\n\t\t\t\t<\/div>\n\t\t<div class=\"elementor-element elementor-element-2bd4e62 e-flex e-con-boxed e-con e-parent\" data-id=\"2bd4e62\" data-element_type=\"container\">\n\t\t\t\t\t<div class=\"e-con-inner\">\n\t\t<div class=\"elementor-element elementor-element-582eeb9 e-con-full e-flex e-con e-child\" data-id=\"582eeb9\" data-element_type=\"container\">\n\t\t\t\t<div class=\"elementor-element elementor-element-8eaf49c elementor-widget elementor-widget-text-editor\" data-id=\"8eaf49c\" data-element_type=\"widget\" data-widget_type=\"text-editor.default\">\n\t\t\t\t<div class=\"elementor-widget-container\">\n\t\t\t\t\t\t\t<p>\u00a0<\/p><p><strong>Des D\u00e9lices Gastronomiques<\/strong><\/p><p><br \/>L\u2019Alsace est r\u00e9put\u00e9e pour sa gastronomie exceptionnelle. \u00c0 Stotzheim, vous pourrez d\u00e9guster des sp\u00e9cialit\u00e9s r\u00e9gionales dans les restaurants locaux et les winstubs. Ne manquez pas de savourer une choucroute garnie, une tarte flamb\u00e9e ou encore les d\u00e9licieux vins d\u2019Alsace produits dans les vignobles environnants.<\/p>\t\t\t\t\t\t<\/div>\n\t\t\t\t<\/div>\n\t\t\t\t<\/div>\n\t\t<div class=\"elementor-element elementor-element-2820f4b e-con-full e-flex e-con e-child\" data-id=\"2820f4b\" data-element_type=\"container\">\n\t\t\t\t<div class=\"elementor-element elementor-element-b67f182 elementor-widget elementor-widget-image\" data-id=\"b67f182\" data-element_type=\"widget\" data-widget_type=\"image.default\">\n\t\t\t\t<div class=\"elementor-widget-container\">\n\t\t\t\t\t\t\t\t\t\t\t\t\t<img loading=\"lazy\" decoding=\"async\" width=\"1024\" height=\"768\" src=\"https:\/\/alsacegite.eu\/wp-content\/uploads\/2024\/05\/20170701_125556-1024x768.jpg\" class=\"attachment-large size-large wp-image-73\" alt=\"\" srcset=\"https:\/\/alsacegite.eu\/wp-content\/uploads\/2024\/05\/20170701_125556-1024x768.jpg 1024w, https:\/\/alsacegite.eu\/wp-content\/uploads\/2024\/05\/20170701_125556-300x225.jpg 300w, https:\/\/alsacegite.eu\/wp-content\/uploads\/2024\/05\/20170701_125556-768x576.jpg 768w, https:\/\/alsacegite.eu\/wp-content\/uploads\/2024\/05\/20170701_125556-1536x1152.jpg 1536w, https:\/\/alsacegite.eu\/wp-content\/uploads\/2024\/05\/20170701_125556-2048x1536.jpg 2048w, https:\/\/alsacegite.eu\/wp-content\/uploads\/2024\/05\/20170701_125556-390x293.jpg 390w\" sizes=\"(max-width: 1024px) 100vw, 1024px\" \/>\t\t\t\t\t\t\t\t\t\t\t\t\t<\/div>\n\t\t\t\t<\/div>\n\t\t\t\t<\/div>\n\t\t\t\t\t<\/div>\n\t\t\t\t<\/div>\n\t\t<div class=\"elementor-element elementor-element-6a29b22 e-flex e-con-boxed e-con e-parent\" data-id=\"6a29b22\" data-element_type=\"container\">\n\t\t\t\t\t<div class=\"e-con-inner\">\n\t\t<div class=\"elementor-element elementor-element-3718d4e e-con-full e-flex e-con e-child\" data-id=\"3718d4e\" data-element_type=\"container\">\n\t\t\t\t<div class=\"elementor-element elementor-element-7a073fb elementor-widget elementor-widget-text-editor\" data-id=\"7a073fb\" data-element_type=\"widget\" data-widget_type=\"text-editor.default\">\n\t\t\t\t<div class=\"elementor-widget-container\">\n\t\t\t\t\t\t\t<h4>Activit\u00e9s de Plein Air<\/h4><p>Pour les amateurs de nature et de plein air, Stotzheim offre de nombreuses possibilit\u00e9s de randonn\u00e9es, de balades \u00e0 v\u00e9lo et d\u2019excursions dans les Vosges voisines. Les paysages vallonn\u00e9s et les for\u00eats verdoyantes sont parfaits pour des activit\u00e9s en famille ou entre amis.<\/p><h4>Proximit\u00e9 des Attractions Principales<\/h4><p>Stotzheim est id\u00e9alement situ\u00e9e pour explorer les principales attractions touristiques de l\u2019Alsace. Strasbourg, avec sa magnifique cath\u00e9drale et son quartier de la Petite France, est \u00e0 une courte distance en voiture. De m\u00eame, vous pourrez facilement visiter Colmar, c\u00e9l\u00e8bre pour ses canaux et ses maisons color\u00e9es, ou encore parcourir la Route des Vins d\u2019Alsace.<\/p>\t\t\t\t\t\t<\/div>\n\t\t\t\t<\/div>\n\t\t\t\t<\/div>\n\t\t<div class=\"elementor-element elementor-element-311132d e-con-full e-flex e-con e-child\" data-id=\"311132d\" data-element_type=\"container\">\n\t\t<div class=\"elementor-element elementor-element-5541e0a e-flex e-con-boxed e-con e-child\" data-id=\"5541e0a\" data-element_type=\"container\">\n\t\t\t\t\t<div class=\"e-con-inner\">\n\t\t\t\t<div class=\"elementor-element elementor-element-eb1744e elementor-widget elementor-widget-image\" data-id=\"eb1744e\" data-element_type=\"widget\" data-widget_type=\"image.default\">\n\t\t\t\t<div class=\"elementor-widget-container\">\n\t\t\t\t\t\t\t\t\t\t\t\t\t<img loading=\"lazy\" decoding=\"async\" width=\"1024\" height=\"538\" src=\"https:\/\/alsacegite.eu\/wp-content\/uploads\/2024\/05\/Traversee-du-Sundgau-a-velo-1024x538.jpg\" class=\"attachment-large size-large wp-image-106\" alt=\"\" srcset=\"https:\/\/alsacegite.eu\/wp-content\/uploads\/2024\/05\/Traversee-du-Sundgau-a-velo-1024x538.jpg 1024w, https:\/\/alsacegite.eu\/wp-content\/uploads\/2024\/05\/Traversee-du-Sundgau-a-velo-300x158.jpg 300w, https:\/\/alsacegite.eu\/wp-content\/uploads\/2024\/05\/Traversee-du-Sundgau-a-velo-768x403.jpg 768w, https:\/\/alsacegite.eu\/wp-content\/uploads\/2024\/05\/Traversee-du-Sundgau-a-velo.jpg 1200w\" sizes=\"(max-width: 1024px) 100vw, 1024px\" \/>\t\t\t\t\t\t\t\t\t\t\t\t\t<\/div>\n\t\t\t\t<\/div>\n\t\t\t\t\t<\/div>\n\t\t\t\t<\/div>\n\t\t<div class=\"elementor-element elementor-element-b95c33b e-flex e-con-boxed e-con e-child\" data-id=\"b95c33b\" data-element_type=\"container\">\n\t\t\t\t\t<div class=\"e-con-inner\">\n\t\t\t\t<div class=\"elementor-element elementor-element-76ef68e elementor-widget elementor-widget-image\" data-id=\"76ef68e\" data-element_type=\"widget\" data-widget_type=\"image.default\">\n\t\t\t\t<div class=\"elementor-widget-container\">\n\t\t\t\t\t\t\t\t\t\t\t\t\t<img loading=\"lazy\" decoding=\"async\" width=\"640\" height=\"360\" src=\"https:\/\/alsacegite.eu\/wp-content\/uploads\/2024\/05\/cathedrale-strasbourg.jpg\" class=\"attachment-large size-large wp-image-107\" alt=\"\" srcset=\"https:\/\/alsacegite.eu\/wp-content\/uploads\/2024\/05\/cathedrale-strasbourg.jpg 640w, https:\/\/alsacegite.eu\/wp-content\/uploads\/2024\/05\/cathedrale-strasbourg-300x169.jpg 300w\" sizes=\"(max-width: 640px) 100vw, 640px\" \/>\t\t\t\t\t\t\t\t\t\t\t\t\t<\/div>\n\t\t\t\t<\/div>\n\t\t\t\t\t<\/div>\n\t\t\t\t<\/div>\n\t\t\t\t<\/div>\n\t\t\t\t\t<\/div>\n\t\t\t\t<\/div>\n\t\t<div class=\"elementor-element elementor-element-42f81f4 e-flex e-con-boxed e-con e-parent\" data-id=\"42f81f4\" data-element_type=\"container\">\n\t\t\t\t\t<div class=\"e-con-inner\">\n\t\t<div class=\"elementor-element elementor-element-5d1e381 e-con-full e-flex e-con e-child\" data-id=\"5d1e381\" data-element_type=\"container\">\n\t\t\t\t<div class=\"elementor-element elementor-element-7439a52 elementor-widget elementor-widget-image\" data-id=\"7439a52\" data-element_type=\"widget\" data-widget_type=\"image.default\">\n\t\t\t\t<div class=\"elementor-widget-container\">\n\t\t\t\t\t\t\t\t\t\t\t\t\t<img loading=\"lazy\" decoding=\"async\" width=\"620\" height=\"289\" src=\"https:\/\/alsacegite.eu\/wp-content\/uploads\/2024\/05\/PlnStotzheim1.jpg\" class=\"attachment-large size-large wp-image-14\" alt=\"\" srcset=\"https:\/\/alsacegite.eu\/wp-content\/uploads\/2024\/05\/PlnStotzheim1.jpg 620w, https:\/\/alsacegite.eu\/wp-content\/uploads\/2024\/05\/PlnStotzheim1-300x140.jpg 300w\" sizes=\"(max-width: 620px) 100vw, 620px\" \/>\t\t\t\t\t\t\t\t\t\t\t\t\t<\/div>\n\t\t\t\t<\/div>\n\t\t\t\t<\/div>\n\t\t<div class=\"elementor-element elementor-element-78d136c e-con-full e-flex e-con e-child\" data-id=\"78d136c\" data-element_type=\"container\">\n\t\t\t\t<div class=\"elementor-element elementor-element-4fcfaf1 elementor-widget elementor-widget-text-editor\" data-id=\"4fcfaf1\" data-element_type=\"widget\" data-widget_type=\"text-editor.default\">\n\t\t\t\t<div class=\"elementor-widget-container\">\n\t\t\t\t\t\t\t<h4>Une Exp\u00e9rience Authentique<\/h4><p>En s\u00e9journant \u00e0 Stotzheim, vous vivrez une exp\u00e9rience authentique, loin des foules des grandes villes. C\u2019est l\u2019endroit parfait pour se d\u00e9tendre, profiter de l\u2019hospitalit\u00e9 alsacienne et d\u00e9couvrir les merveilles de la r\u00e9gion \u00e0 votre rythme.<\/p><h3><a href=\"https:\/\/alsacegite.eu\/index.php\/liste-dhebergement\/\" target=\"_blank\" rel=\"noopener\">Rejoignez-nous \u00e0 Stotzheim<\/a><\/h3><p>Que vous soyez en qu\u00eate de d\u00e9tente, de d\u00e9couvertes culturelles ou d\u2019aventures gastronomiques, Stotzheim et l\u2019Alsace vous promettent un s\u00e9jour m\u00e9morable. Venez d\u00e9couvrir pourquoi tant de visiteurs tombent amoureux de cette r\u00e9gion unique en son genre. Nous avons h\u00e2te de vous accueillir et de vous faire vivre la magie de l\u2019Alsace.<\/p>\t\t\t\t\t\t<\/div>\n\t\t\t\t<\/div>\n\t\t\t\t<\/div>\n\t\t<div class=\"elementor-element elementor-element-6312728 e-con-full e-flex e-con e-child\" data-id=\"6312728\" data-element_type=\"container\">\n\t\t\t\t<div class=\"elementor-element elementor-element-e3b38bc elementor-widget elementor-widget-image\" data-id=\"e3b38bc\" data-element_type=\"widget\" data-widget_type=\"image.default\">\n\t\t\t\t<div class=\"elementor-widget-container\">\n\t\t\t\t\t\t\t\t\t\t\t\t\t\t<a href=\"https:\/\/alsacegite.eu\/index.php\/liste-dhebergement\/\">\n\t\t\t\t\t\t\t<img loading=\"lazy\" decoding=\"async\" width=\"1000\" height=\"624\" src=\"https:\/\/alsacegite.eu\/wp-content\/uploads\/2024\/05\/stotzheim.jpg\" class=\"attachment-large size-large wp-image-108\" alt=\"stotzheim\" srcset=\"https:\/\/alsacegite.eu\/wp-content\/uploads\/2024\/05\/stotzheim.jpg 1000w, https:\/\/alsacegite.eu\/wp-content\/uploads\/2024\/05\/stotzheim-300x187.jpg 300w, https:\/\/alsacegite.eu\/wp-content\/uploads\/2024\/05\/stotzheim-768x479.jpg 768w\" sizes=\"(max-width: 1000px) 100vw, 1000px\" \/>\t\t\t\t\t\t\t\t<\/a>\n\t\t\t\t\t\t\t\t\t\t\t\t\t<\/div>\n\t\t\t\t<\/div>\n\t\t\t\t<\/div>\n\t\t\t\t\t<\/div>\n\t\t\t\t<\/div>\n\t\t\t\t<\/div>\n\t\t","protected":false},"excerpt":{"rendered":"<p>D\u00e9couvrez le Charme de l&rsquo;Alsace \u00e0 Stotzheim Bienvenue en Alsace, une r\u00e9gion o\u00f9 tradition, culture et nature se rencontrent pour offrir une exp\u00e9rience inoubliable. Situ\u00e9e au c\u0153ur de cette r\u00e9gion enchanteresse, la charmante commune de Stotzheim vous invite \u00e0 d\u00e9couvrir tout ce que l\u2019Alsace a de meilleur \u00e0 offrir. L&rsquo;Alsace est une r\u00e9gion historique du [&hellip;]<\/p>\n","protected":false},"author":1,"featured_media":216,"parent":0,"menu_order":0,"comment_status":"closed","ping_status":"closed","template":"elementor_header_footer","meta":{"ocean_post_layout":"","ocean_both_sidebars_style":"","ocean_both_sidebars_content_width":0,"ocean_both_sidebars_sidebars_width":0,"ocean_sidebar":"","ocean_second_sidebar":"","ocean_disable_margins":"enable","ocean_add_body_class":"","ocean_shortcode_before_top_bar":"","ocean_shortcode_after_top_bar":"","ocean_shortcode_before_header":"","ocean_shortcode_after_header":"","ocean_has_shortcode":"","ocean_shortcode_after_title":"","ocean_shortcode_before_footer_widgets":"","ocean_shortcode_after_footer_widgets":"","ocean_shortcode_before_footer_bottom":"","ocean_shortcode_after_footer_bottom":"","ocean_display_top_bar":"default","ocean_display_header":"default","ocean_header_style":"","ocean_center_header_left_menu":"","ocean_custom_header_template":"","ocean_custom_logo":0,"ocean_custom_retina_logo":0,"ocean_custom_logo_max_width":0,"ocean_custom_logo_tablet_max_width":0,"ocean_custom_logo_mobile_max_width":0,"ocean_custom_logo_max_height":0,"ocean_custom_logo_tablet_max_height":0,"ocean_custom_logo_mobile_max_height":0,"ocean_header_custom_menu":"","ocean_menu_typo_font_family":"","ocean_menu_typo_font_subset":"","ocean_menu_typo_font_size":0,"ocean_menu_typo_font_size_tablet":0,"ocean_menu_typo_font_size_mobile":0,"ocean_menu_typo_font_size_unit":"px","ocean_menu_typo_font_weight":"","ocean_menu_typo_font_weight_tablet":"","ocean_menu_typo_font_weight_mobile":"","ocean_menu_typo_transform":"","ocean_menu_typo_transform_tablet":"","ocean_menu_typo_transform_mobile":"","ocean_menu_typo_line_height":0,"ocean_menu_typo_line_height_tablet":0,"ocean_menu_typo_line_height_mobile":0,"ocean_menu_typo_line_height_unit":"","ocean_menu_typo_spacing":0,"ocean_menu_typo_spacing_tablet":0,"ocean_menu_typo_spacing_mobile":0,"ocean_menu_typo_spacing_unit":"","ocean_menu_link_color":"","ocean_menu_link_color_hover":"","ocean_menu_link_color_active":"","ocean_menu_link_background":"","ocean_menu_link_hover_background":"","ocean_menu_link_active_background":"","ocean_menu_social_links_bg":"","ocean_menu_social_hover_links_bg":"","ocean_menu_social_links_color":"","ocean_menu_social_hover_links_color":"","ocean_disable_title":"default","ocean_disable_heading":"default","ocean_post_title":"","ocean_post_subheading":"","ocean_post_title_style":"","ocean_post_title_background_color":"","ocean_post_title_background":0,"ocean_post_title_bg_image_position":"","ocean_post_title_bg_image_attachment":"","ocean_post_title_bg_image_repeat":"","ocean_post_title_bg_image_size":"","ocean_post_title_height":0,"ocean_post_title_bg_overlay":0.5,"ocean_post_title_bg_overlay_color":"","ocean_disable_breadcrumbs":"default","ocean_breadcrumbs_color":"","ocean_breadcrumbs_separator_color":"","ocean_breadcrumbs_links_color":"","ocean_breadcrumbs_links_hover_color":"","ocean_display_footer_widgets":"default","ocean_display_footer_bottom":"default","ocean_custom_footer_template":"","footnotes":""},"class_list":["post-56","page","type-page","status-publish","has-post-thumbnail","hentry","entry","has-media"],"_links":{"self":[{"href":"https:\/\/alsacegite.eu\/index.php\/wp-json\/wp\/v2\/pages\/56","targetHints":{"allow":["GET"]}}],"collection":[{"href":"https:\/\/alsacegite.eu\/index.php\/wp-json\/wp\/v2\/pages"}],"about":[{"href":"https:\/\/alsacegite.eu\/index.php\/wp-json\/wp\/v2\/types\/page"}],"author":[{"embeddable":true,"href":"https:\/\/alsacegite.eu\/index.php\/wp-json\/wp\/v2\/users\/1"}],"replies":[{"embeddable":true,"href":"https:\/\/alsacegite.eu\/index.php\/wp-json\/wp\/v2\/comments?post=56"}],"version-history":[{"count":21,"href":"https:\/\/alsacegite.eu\/index.php\/wp-json\/wp\/v2\/pages\/56\/revisions"}],"predecessor-version":[{"id":393,"href":"https:\/\/alsacegite.eu\/index.php\/wp-json\/wp\/v2\/pages\/56\/revisions\/393"}],"wp:featuredmedia":[{"embeddable":true,"href":"https:\/\/alsacegite.eu\/index.php\/wp-json\/wp\/v2\/media\/216"}],"wp:attachment":[{"href":"https:\/\/alsacegite.eu\/index.php\/wp-json\/wp\/v2\/media?parent=56"}],"curies":[{"name":"wp","href":"https:\/\/api.w.org\/{rel}","templated":true}]}}