{"id":369,"date":"2024-05-28T10:13:30","date_gmt":"2024-05-28T08:13:30","guid":{"rendered":"https:\/\/alsacegite.eu\/?page_id=369"},"modified":"2024-05-28T11:00:56","modified_gmt":"2024-05-28T09:00:56","slug":"mentions-legales-61988","status":"publish","type":"page","link":"https:\/\/alsacegite.eu\/index.php\/mentions-legales-61988\/","title":{"rendered":"Mentions l\u00e9gales 91688"},"content":{"rendered":"\n<p>Derni\u00e8re modification le 01 juin 2024<\/p>\n\n\n\n<p>1 \u2013 Propri\u00e9t\u00e9 du site<\/p>\n\n\n\n<p>Ce site est la propri\u00e9t\u00e9 de SCI DU MUHLBACH,\u00a0<\/p>\n\n\n\n<p>op\u00e9rant en SCI<br>N\u00b0de SIRET: 839 190 38 600012,\u00a0 NAF 682B<\/p>\n\n\n\n<p>domicili\u00e9e \u00e0 11 rue de l&rsquo;ancienne scierie 67140 Stotzheim.<\/p>\n\n\n\n<p>2 \u2013 Raison Sociale de l\u2019H\u00e9bergeur<\/p>\n\n\n\n<p><strong>OVH<\/strong><br>SAS au capital de 10 174 560 \u20ac<\/p>\n\n\n\n<p>RCS Lille M\u00e9tropole 424 761 419 00045<br>Code APE 2620Z<br>N\u00b0 TVA : FR 22 424 761 419<br>Si\u00e8ge social : 2 rue Kellermann &#8211; 59100 Roubaix &#8211; France<\/p>\n\n\n\n<p>3 \u2013 Propri\u00e9t\u00e9 intellectuelle<\/p>\n\n\n\n<p><\/p>\n\n\n\n<p>La structure g\u00e9n\u00e9rale ainsi que les logiciels, textes, images anim\u00e9es ou non,&nbsp;<\/p>\n\n\n\n<p>son\u00a0savoir-faire et tous les autres \u00e9l\u00e9ments composant le site sont la propri\u00e9t\u00e9 exclusive\u00a0de Alsace Gite <\/p>\n\n\n\n<p>Les logos et marques des soci\u00e9t\u00e9s cit\u00e9es sur Alsacegite.eu sont la propri\u00e9t\u00e9 exclusive de leurs auteurs respectifs.<\/p>\n\n\n\n<p>Toute repr\u00e9sentation, reproduction, et\/ou exploitation, qu\u2019elle(s) soi(en)t partielle(s)<br>ou totale(s), des marques pr\u00e9cit\u00e9es est (sont) interdite(s), sauf accord \u00e9crit et<br>pr\u00e9alable de leurs titulaires.<\/p>\n\n\n\n<p>4 \u2013 Droits d\u2019auteur<\/p>\n\n\n\n<p>Toute repr\u00e9sentation totale ou partielle de ce blog par quelque personne que ce soit,\u00a0sans l\u2019autorisation expresse de ALSACEGITE est interdite et<br>constituerait une contrefa\u00e7on sanctionn\u00e9e par les articles L. 335-2 et suivants du<br>Code de la propri\u00e9t\u00e9 intellectuelle.<\/p>\n\n\n\n<p>Pour l\u2019\u00e9laboration de liens hypertextes profonds vers le blog Alsacegite, vous devez au pr\u00e9alable obtenir l\u2019accord expr\u00e8s et pr\u00e9alable du propri\u00e9taire du site www.alsacegite.eu.<br>Par ailleurs, l\u2019utilisation des informations contenues sur le pr\u00e9sent site rel\u00e8ve de la<br>seule responsabilit\u00e9 de l\u2019utilisateur.<br>En aucun cas, et pour quelque cause que ce soit, l\u2019auteur du site Alsacegite ne pourra \u00eatre tenu pour responsable, et ce, quelque en soit les\u00a0cons\u00e9quences.\u00a0<\/p>\n\n\n\n<p>L\u2019auteur n\u2019est responsable d\u2019aucune erreur ou omission sur le&nbsp;pr\u00e9sent site.<\/p>\n\n\n\n<p>5 \u2013 Avertissement g\u00e9n\u00e9ral<\/p>\n\n\n\n<p>La consultation du site www.alsacegite est propos\u00e9e aux internautes \u00e0<br>titre gratuit et sans aucune garantie de la part de son \u00e9diteur.<br>Les informations disponibles sur www.alsacegite.eu qui proviennent de<br>sources ext\u00e9rieures ne saurait garantir qu\u2019elles sont exemptes d\u2019erreurs, ni garantir<br>leur compl\u00e9tude, leur actualit\u00e9, leur exhaustivit\u00e9 ou autre.<\/p>\n\n\n\n<p>En cons\u00e9quence, il appartient \u00e0 l\u2019internaute d\u2019utiliser les informations figurant sur le<br>site Internet \u00e0 ses risques et de proc\u00e9der \u00e0 toute v\u00e9rification sous sa responsabilit\u00e9<br>exclusive.<br>www.alsacegite.eu ne serait \u00eatre tenu responsable de l\u2019interpr\u00e9tation faite<br>par les internautes, quelle qu\u2019elle soit, de tous les renseignements, informations et<br>conseils propos\u00e9s sur son blog, et des cons\u00e9quences pouvant en d\u00e9couler.<\/p>\n\n\n\n<p>Les propri\u00e9taires des sites marchands, de service, sites persos, etc. consult\u00e9s \u00e0<br>partir du blog www.alsacegite.eu<\/p>\n\n\n\n<p>sont seuls responsables du respect par eux de l\u2019ensemble des r\u00e9glementations s\u2019appliquant dans le cadre des prestations offertes aux clients finaux, et notamment, des lois et r\u00e8glements relatifs \u00e0 :<\/p>\n\n\n\n<p>\u2013 La vente \u00e0 distance,<br>\u2013 La protection du consommateur,<br>\u2013 La publicit\u00e9 mensong\u00e8re ou trompeuse,<br>\u2013 Les prix,<br>\u2013 La conformit\u00e9 des produits.<\/p>\n\n\n\n<p>Toutes les marques cit\u00e9es sont d\u00e9pos\u00e9es par leurs propri\u00e9taires respectifs.<br>www.alsacegite.eun\u2019est pas responsable de tous probl\u00e8mes rencontr\u00e9s<br>sur un site consult\u00e9 \u00e0 partir de www.alsacegite.eu<\/p>\n","protected":false},"excerpt":{"rendered":"<p>Derni\u00e8re modification le 01 juin 2024 1 \u2013 Propri\u00e9t\u00e9 du site Ce site est la propri\u00e9t\u00e9 de SCI DU MUHLBACH,\u00a0 op\u00e9rant en SCIN\u00b0de SIRET: 839 190 38 600012,\u00a0 NAF 682B domicili\u00e9e \u00e0 11 rue de l&rsquo;ancienne scierie 67140 Stotzheim. 2 \u2013 Raison Sociale de l\u2019H\u00e9bergeur OVHSAS au capital de 10 174 560 \u20ac RCS Lille [&hellip;]<\/p>\n","protected":false},"author":1,"featured_media":0,"parent":0,"menu_order":0,"comment_status":"closed","ping_status":"closed","template":"","meta":{"ocean_post_layout":"","ocean_both_sidebars_style":"","ocean_both_sidebars_content_width":0,"ocean_both_sidebars_sidebars_width":0,"ocean_sidebar":"","ocean_second_sidebar":"","ocean_disable_margins":"enable","ocean_add_body_class":"","ocean_shortcode_before_top_bar":"","ocean_shortcode_after_top_bar":"","ocean_shortcode_before_header":"","ocean_shortcode_after_header":"","ocean_has_shortcode":"","ocean_shortcode_after_title":"","ocean_shortcode_before_footer_widgets":"","ocean_shortcode_after_footer_widgets":"","ocean_shortcode_before_footer_bottom":"","ocean_shortcode_after_footer_bottom":"","ocean_display_top_bar":"default","ocean_display_header":"default","ocean_header_style":"","ocean_center_header_left_menu":"","ocean_custom_header_template":"","ocean_custom_logo":0,"ocean_custom_retina_logo":0,"ocean_custom_logo_max_width":0,"ocean_custom_logo_tablet_max_width":0,"ocean_custom_logo_mobile_max_width":0,"ocean_custom_logo_max_height":0,"ocean_custom_logo_tablet_max_height":0,"ocean_custom_logo_mobile_max_height":0,"ocean_header_custom_menu":"","ocean_menu_typo_font_family":"","ocean_menu_typo_font_subset":"","ocean_menu_typo_font_size":0,"ocean_menu_typo_font_size_tablet":0,"ocean_menu_typo_font_size_mobile":0,"ocean_menu_typo_font_size_unit":"px","ocean_menu_typo_font_weight":"","ocean_menu_typo_font_weight_tablet":"","ocean_menu_typo_font_weight_mobile":"","ocean_menu_typo_transform":"","ocean_menu_typo_transform_tablet":"","ocean_menu_typo_transform_mobile":"","ocean_menu_typo_line_height":0,"ocean_menu_typo_line_height_tablet":0,"ocean_menu_typo_line_height_mobile":0,"ocean_menu_typo_line_height_unit":"","ocean_menu_typo_spacing":0,"ocean_menu_typo_spacing_tablet":0,"ocean_menu_typo_spacing_mobile":0,"ocean_menu_typo_spacing_unit":"","ocean_menu_link_color":"","ocean_menu_link_color_hover":"","ocean_menu_link_color_active":"","ocean_menu_link_background":"","ocean_menu_link_hover_background":"","ocean_menu_link_active_background":"","ocean_menu_social_links_bg":"","ocean_menu_social_hover_links_bg":"","ocean_menu_social_links_color":"","ocean_menu_social_hover_links_color":"","ocean_disable_title":"default","ocean_disable_heading":"default","ocean_post_title":"","ocean_post_subheading":"","ocean_post_title_style":"","ocean_post_title_background_color":"","ocean_post_title_background":0,"ocean_post_title_bg_image_position":"","ocean_post_title_bg_image_attachment":"","ocean_post_title_bg_image_repeat":"","ocean_post_title_bg_image_size":"","ocean_post_title_height":0,"ocean_post_title_bg_overlay":0.5,"ocean_post_title_bg_overlay_color":"","ocean_disable_breadcrumbs":"default","ocean_breadcrumbs_color":"","ocean_breadcrumbs_separator_color":"","ocean_breadcrumbs_links_color":"","ocean_breadcrumbs_links_hover_color":"","ocean_display_footer_widgets":"default","ocean_display_footer_bottom":"default","ocean_custom_footer_template":"","footnotes":""},"class_list":["post-369","page","type-page","status-publish","hentry","entry"],"_links":{"self":[{"href":"https:\/\/alsacegite.eu\/index.php\/wp-json\/wp\/v2\/pages\/369","targetHints":{"allow":["GET"]}}],"collection":[{"href":"https:\/\/alsacegite.eu\/index.php\/wp-json\/wp\/v2\/pages"}],"about":[{"href":"https:\/\/alsacegite.eu\/index.php\/wp-json\/wp\/v2\/types\/page"}],"author":[{"embeddable":true,"href":"https:\/\/alsacegite.eu\/index.php\/wp-json\/wp\/v2\/users\/1"}],"replies":[{"embeddable":true,"href":"https:\/\/alsacegite.eu\/index.php\/wp-json\/wp\/v2\/comments?post=369"}],"version-history":[{"count":2,"href":"https:\/\/alsacegite.eu\/index.php\/wp-json\/wp\/v2\/pages\/369\/revisions"}],"predecessor-version":[{"id":388,"href":"https:\/\/alsacegite.eu\/index.php\/wp-json\/wp\/v2\/pages\/369\/revisions\/388"}],"wp:attachment":[{"href":"https:\/\/alsacegite.eu\/index.php\/wp-json\/wp\/v2\/media?parent=369"}],"curies":[{"name":"wp","href":"https:\/\/api.w.org\/{rel}","templated":true}]}}